 by t?
9
Let h = -18 + 21. Suppose -h*d = -2*d - 11. Calculate the remainder when (-1 + 24 - 2)*2 is divided by d.
9
Suppose 0*m - 510 = -m. Suppose 12*c = 7*c + m. Calculate the remainder when c is divided by 26.
24
Let w = -58 - -97. Let h(x) = x**3 - 16*x**2 + 15*x + 21. Suppose -25*o = -28*o + 45. What is the remainder when w is divided by h(o)?
18
Suppose 3*b = -2*b - 75. Let o = 6 - 26. Let v = b - o. What is the remainder when 7 is divided by v?
2
Suppose -9*p + 4*p = -35. Suppose -p*b - 40 = -12*b. What is the remainder when 31 is divided by b?
7
Let i be (1/5 + 3)*-5. Let q be (0 - -1)/((-4)/i). What is the remainder when ((-210)/q)/3*-2 is divided by 19?
16
Suppose -3*v - 45 - 60 = -2*l, 0 = 4*l. Let m = 60 + v. Let p = m + -4. Calculate the remainder when p is divided by 12.
9
Let w(h) = h**2 + 2 - 2*h**3 + 3*h**3 + h**2 + 0*h - h. Calculate the remainder when 13 is divided by w(-2).
1
Let o(z) = 22*z + 1. Suppose 4*b = 2*q + 2, -7 + 2 = -b - 4*q. What is the remainder when o(b) is divided by 12?
11
Suppose 20*j - 112 = 13*j. Calculate the remainder when 143 is divided by j.
15
Let b(z) = -28*z - 3. Suppose 46 = -5*m + v - 0, -33 = 4*m + 3*v. Let x = 22 + m. What is the remainder when b(-1) is divided by x?
12
Suppose 17*u + 20 = 21*u. Suppose u*t = t + 272. Calculate the remainder when t is divided by 23.
22
Suppose -8*u - 4*m - 131 = -9*u, 4*m = 8. Calculate the remainder when u is divided by 7.
6
Suppose 0 = -4*j + 3*r + 43, -5*r + 24 = -j + 22. Suppose 0 = -5*g + 46 + 274. Calculate the remainder when g is divided by j.
12
Let y be (-8520)/(-64) - (-3)/(-24). Suppose 4*q - 75 - y = 0. Calculate the remainder when 258 is divided by q.
50
Suppose -24 = 4*w - 44. Let m(a) = -a - 2. Let t be m(-7). What is the remainder when w is divided by (-4 + t)/((-2)/(-6))?
2
Let g be 29 + (0 - (-6)/(-2)). Suppose -g = -2*b - c - 3*c, 0 = -5*b + 4*c + 37. Calculate the remainder when 10 is divided by (-3)/b - 13/(-3).
2
Let k = -65 - -84. What is the remainder when 34 is divided by k?
15
What is the remainder when -2 - 1/1*(-85 + -2) is divided by 24?
13
Suppose 0 = 181*d - 191*d + 3340. What is the remainder when d is divided by 87?
73
Suppose 2 = -2*f, -3*f + 3 = -2*b + 22. Calculate the remainder when b is divided by 5.
3
Let p be (-5 + 21/5)/((-2)/60). Suppose 2*v + 10 = 0, -p - 10 = -4*t + 2*v. What is the remainder when 28 is divided by t?
4
Suppose 4*w + 5*f - 597 = 0, -3*f = 3*w - 444 - 6. Calculate the remainder when w is divided by 46.
15
Suppose 0 = -2*s - g + 16, 2*s - 16 = 7*g - 3*g. Calculate the remainder when 9 is divided by s.
1
Suppose g = 0, 4*g = 2*n - 12 - 2. Calculate the remainder when 45 is divided by n.
3
Let h(b) = 4*b + 148. What is the remainder when h(-32) is divided by 4?
0
Suppose -5*k + 45 = -3*p - 30, p = 3*k - 45. What is the remainder when k is divided by 9?
6
Suppose 170 - 272 = -3*s. What is the remainder when 72/(-30)*(-160)/6 is divided by s?
30
Let g(n) = 49*n**2 - 1. Let r = 282 + -272. What is the remainder when g(-1) is divided by r?
8
Calculate the remainder when 113 is divided by 1*(-1)/(-2)*(-13 - -31).
5
Let g = -6 + 11. Let z be (g - -3) + -4 - -104. Suppose 5*f + 4*q = z - 20, -4*q = 12. What is the remainder when 57 is divided by f?
17
Suppose -7*t + 3*t = 4*o - 48, 0 = -5*o + 4*t + 51. Calculate the remainder when 64 is divided by o.
9
Suppose -11 = -p - 6. Suppose -2*r + p*m = r + 38, -4*m - 8 = 0. Let n = r - -18. Calculate the remainder when n is divided by 2.
0
Let t = -2 + 2. Suppose t = -4*b + 5*p + 186, -b + p + 41 = -3*p. Suppose 3*s = -4*m + b, 5*m - 2 = -s - 4. Calculate the remainder when 45 is divided by s.
22
What is the remainder when 207 is divided by 4064/64 - (-3)/(-1 + 7)?
15
Let y(l) = 3*l**2 - 6*l + 3. Let t be y(17). Suppose -64 - 11 = -m. Calculate the remainder when m is divided by t/40 - (-2)/(-10).
18
Let m(k) = -5*k - 6. Let c be m(-5). Suppose c = -4*y + 5*y. What is the remainder when y is divided by 11?
8
Suppose -5*z + 548 + 412 = 0. Suppose -25*y = 14*y - 1592 + 71. What is the remainder when z is divided by y?
36
Let m = 85 - 51. Let k(v) = -v**3 + 11*v**2 - 9*v + 19. What is the remainder when k(9) is divided by m?
32
Let a = 6 + -110. Suppose 0 = -t - 0 + 3, t - 15 = -4*n. What is the remainder when 2/9 - a/18 is divided by n?
0
Suppose 0 = -644*h + 656*h - 300. Calculate the remainder when 599 is divided by h.
24
Suppose 187 = 4*p + 5*o, -28*p + 24*p + 5*o + 157 = 0. Calculate the remainder when p is divided by 15.
13
Suppose 2*v = v - 3*h - 2, -3*h - 30 = 3*v. Let m = v - -20. Calculate the remainder when 15 is divided by m.
3
Suppose -4*u = i - 4, -4*u + 13 - 57 = -2*i. Calculate the remainder when 30 is divided by i.
14
Let p be 1 + 64/((-16)/4). Let i(u) = 10*u**3 - 1. What is the remainder when i(1) is divided by (-5)/p*18/2?
0
Let b be 14 + 1 - (-1 - (-1 - -3)). Suppose -352 = -5*t + b. What is the remainder when t is divided by 19?
17
Let w(c) = 2*c. Let b be w(5). Let r be (1/(-3))/((-3)/81). Suppose -4*h = -r*h + b. Calculate the remainder when 5 is divided by h.
1
Let y = 50 + -48. Suppose -d - 2*d + 18 = f, 5*f = y*d + 73. What is the remainder when f is divided by 4?
3
Let n(b) = -b**2 - 12*b - 6. Let h be n(-11). Let p(m) = m - 4. Let z be p(h). What is the remainder when ((-162)/45)/(z/(-35)) is divided by 32?
30
Let g = 716 + -628. What is the remainder when g is divided by 6?
4
Let n = -79 + 84. Suppose -2*d - 822 = -n*b, b - 2*b + 3*d = -154. Calculate the remainder when b is divided by 24.
22
What is the remainder when (-4)/22 - 245970/(-297) is divided by 166?
164
Let f(c) = 0*c**3 + 2*c**2 + 0*c - 10*c**3 - c. Let z be f(1). Let a = 25 + z. Calculate the remainder when 47 is divided by a.
15
Suppose -2*n + 4*q + 58 = 0, 6*q - 6 = 4*q. Calculate the remainder when 67 is divided by n.
32
Suppose -u - 4*s = 10, 0*s = -s - 3. Calculate the remainder when 172 is divided by u.
0
Suppose -51 + 152 = 4*g - 5*n, -91 = -4*g - 5*n. Suppose 54*s - 6474 - 1140 = 0. Calculate the remainder when s is divided by g.
21
Let q(g) = -3*g**3 - 23*g**2 + 3*g - 5. Let p(r) = r**3 + 11*r**2 - 2*r + 2. Let b(u) = -5*p(u) - 2*q(u). Calculate the remainder when b(9) is divided by 10.
6
Let f = -42 + 86. Calculate the remainder when 2/(-11) + 1390*2/f is divided by 17.
12
Let a(b) be the first derivative of -b**3/3 + b**2/2 + 8*b - 5. Let u be (-2)/(-2) + (0 - 1). What is the remainder when 15 is divided by a(u)?
7
Suppose 3*m - u - 59 = -5*u, 2*m + 5*u - 30 = 0. Suppose 36 = 7*x - 3*x. Suppose x*s = 5*s + 292. What is the remainder when s is divided by m?
23
Suppose -2*w - x + 19 = -20, x + 51 = 3*w. Calculate the remainder when w + 0 + 10/(-2) + 4 is divided by 12.
5
Let k be -10 + 8 - -2*1. Suppose -5*t + 3*t + 10 = k. Suppose -v + t*v = 28. Calculate the remainder when v is divided by 4.
3
Suppose -6 - 3 = 3*k - 3*r, -3*r = -2*k - 11. Suppose -4*q = -k*z - q - 17, 2*z = -2*q + 8. What is the remainder when z/2 - 222/(-12) is divided by 7?
4
Let h = 2273 - 1341. Calculate the remainder when h is divided by 55.
52
Let v(z) = z**3 - 7*z**2 + 2*z - 10. Let h be ((-63)/(-36))/(1/4). Let k be v(h). Calculate the remainder when k/12 - 53/(-3) is divided by 7.
4
Suppose 190 = -4*j + 3*h, -4*h + 60 + 30 = -2*j. Let u = -30 - j. Calculate the remainder when u is divided by 5.
4
Suppose -6*m - 560 = -5*r - 11*m, 112 = r - 5*m. Calculate the remainder when r is divided by 50.
12
Suppose 416*g + 12 = 418*g. Calculate the remainder when 15 is divided by g.
3
Let c = -2567 + 2597. Suppose -5*k + 272 = 7. What is the remainder when k is divided by c?
23
Let u(o) be the third derivative of o**5/20 - 7*o**4/6 - 4*o**3 - 39*o**2. Calculate the remainder when u(12) is divided by (-1 - -6)/((-1)/(-5)).
22
Let h(z) = z**2 - 38*z + 139. What is the remainder when 3 is divided by h(34)?
0
Let p = 1441 + -1436. Suppose 4*c = -3*d + 39, 45 = 3*c + 2*c + 5*d. Calculate the remainder when c is divided by p.
2
Suppose -135 = -8*s + 449. Calculate the remainder when s is divided by 19/(-2*(-3)/6).
16
Let u = -17 + 13. Let m(s) = 5*s - 1. Let w be m(u). What is the remainder when (12/7)/((-2)/w) is divided by 10?
8
Let v = 0 - -33. Calculate the remainder when v is divided by 8 - (-1 + 6/3